 26*d**2 - 27*d + 4. Calculate w(27).
4
Let i(f) = -f**3 - f**2 + 2*f + 2. Determine i(0).
2
Let k(z) = z**3 + 29*z**2 - 2*z - 55. Calculate k(-29).
3
Let q(v) = -14*v**2 - 6*v + 5. Give q(1).
-15
Let s(t) = -9*t**2 - t + 1. What is s(1)?
-9
Let q(l) = 6*l - 60. Calculate q(9).
-6
Let z(w) = w**2 + 8*w + 4. Calculate z(-9).
13
Let t(x) = -4*x - 19. What is t(-4)?
-3
Let y(b) = -4*b + 8. Determine y(6).
-16
Let c(d) = d**2 + 2*d - 20. Determine c(-9).
43
Let g(i) = -2*i**3 - 14*i**2 + 6. Calculate g(-7).
6
Let k(f) = -4*f - 56. Calculate k(-14).
0
Let s(x) = x**3 - 11*x**2 - 15*x + 12. Calculate s(12).
-24
Let y(c) = -c**2 + 21*c - 8. Give y(21).
-8
Let g(i) = i**2 + 7*i - 200. What is g(12)?
28
Let j(o) = 3*o - 5. Give j(4).
7
Let l(u) = -7*u - 5. What is l(7)?
-54
Let t(q) = -4*q + 3. What is t(0)?
3
Let h(z) = -z**2 + 9*z + 9. Determine h(10).
-1
Let q(x) = -x**3 - 5*x**2 - 3*x - 5. What is q(-4)?
-9
Let v(m) = m**3 + 6*m**2 + 10*m - 3. Calculate v(-5).
-28
Let x(a) = a**3 - 6*a**2 + 5*a - 8. Give x(5).
-8
Let t(l) = -3*l - 168. Determine t(-58).
6
Let h(a) = a**3 + 4*a**2 - 6*a - 10. Determine h(-5).
-5
Let q(c) = -3*c - 59. Calculate q(7).
-80
Let b(p) = -p**3 + 11*p**2 - 2*p + 12. What is b(11)?
-10
Let l(k) = -k**3 - 8*k**2 - 8*k + 5. Calculate l(-7).
12
Let c(v) = v**3 + v**2 + 3*v + 26. Give c(-5).
-89
Let o(x) = -x + 9. Calculate o(5).
4
Let m(b) = -b - 17. What is m(13)?
-30
Let t(m) = -m**2 - 4*m + 8. Determine t(-5).
3
Let z(a) = a**3 + 5*a**2 + 2*a - 5. What is z(-5)?
-15
Let h(o) = o - 4. Calculate h(9).
5
Let n(b) = -3*b - 55. What is n(-22)?
11
Let h(l) = l**3 + 5*l**2 - 4*l + 8. Determine h(-6).
-4
Let v(u) = 11*u - 333. Determine v(30).
-3
Let y(j) = 3*j**2 - 11*j - 6. Give y(4).
-2
Let z(g) = 5*g - 9. Determine z(4).
11
Let j(s) = 3*s**3 + 2*s**2 - 2*s + 9. Calculate j(-4).
-143
Let n(o) = o**3 + 8*o**2 + 6*o - 11. Give n(-7).
-4
Let u(f) = -f**2 + 23*f + 392. Give u(35).
-28
Let b(z) = z**3 + 14*z**2 - 2*z - 6. Determine b(-14).
22
Let q(d) = d**2 - 5*d - 2. Calculate q(4).
-6
Let s(b) = b + 4. What is s(-18)?
-14
Let a(n) = n**3 + n**2 + 4*n - 5. What is a(1)?
1
Let p(w) = 2*w**2 - 3*w - 3. Give p(-3).
24
Let i(h) = h**3 - 9*h**2 - 5*h - 4. Give i(7).
-137
Let x(w) = -21*w - 5. What is x(5)?
-110
Let o(t) = t**3 + 10*t**2 + 11*t - 6. Calculate o(-9).
-24
Let d(s) = s**2 + 59*s + 312. What is d(-6)?
-6
Let v(b) = b**3 + 27*b**2 + 2*b + 53. Calculate v(-27).
-1
Let l(k) = 2*k**3 - 7*k**2 + 12*k + 2. Determine l(2).
14
Let r(t) = t**2 + 9*t + 3. What is r(-8)?
-5
Let k(t) = -48*t - 665. Give k(-14).
7
Let j(a) = -a**3 + 6*a**2 + 3. Calculate j(7).
-46
Let f(m) = m**3 - 7*m**2 - 8*m - 9. What is f(8)?
-9
Let h(z) = -5*z - 7. Give h(-5).
18
Let m(i) = -i**2 - 16*i - 53. Determine m(-11).
2
Let f(k) = k**3 - 11*k**2 + 27*k. What is f(5)?
-15
Let p(h) = -h**2 + 10*h + 7. What is p(11)?
-4
Let j(p) = -p**2 + 6*p + 31. Determine j(-5).
-24
Let t(j) = 7*j**2 + 2*j + 15. Determine t(4).
135
Let y(w) = -24*w**3 + 2*w + 1. Determine y(-1).
23
Let w(i) = -i**2 - 7*i - 2. Give w(-6).
4
Let k(c) = c**3 + 17*c**2 - 38*c - 18. What is k(-19)?
-18
Let v(p) = 2*p + 44. Give v(-25).
-6
Let h(g) = g**2 - 49*g + 43. Determine h(48).
-5
Let o(k) = k**3 - 4*k**2 - 5*k - 2. Give o(5).
-2
Let p(m) = m**3 + 5*m**2 + 4*m - 1. Determine p(-4).
-1
Let h(a) = a**3 + 4*a**2 - 4*a - 3. Give h(-3).
18
Let z(a) = a**2 - 5*a - 20. Determine z(7).
-6
Let y(q) = 19*q - 5. What is y(-3)?
-62
Let s(g) = -64*g - 134. What is s(-2)?
-6
Let a(x) = x**3 - 4*x**2 - 2*x - 5. Calculate a(-3).
-62
Let l(k) = k**2 - 8*k + 3. Calculate l(8).
3
Let a(j) = -13*j - 2. Determine a(-1).
11
Let t(n) = -n**2 - 9*n - 7. Give t(-9).
-7
Let l(f) = -3*f + 4. Calculate l(6).
-14
Let j(u) = -14*u - 2. Determine j(3).
-44
Let o(w) = 2*w**2 + 3*w - 6. Calculate o(4).
38
Let g(n) = -2*n**2 + 14*n + 22. Give g(8).
6
Let w(f) = -4*f - 22. Determine w(-6).
2
Let s(c) = -c**2 + 11*c - 23. What is s(9)?
-5
Let q(c) = c + 5. Give q(-11).
-6
Let q(p) = p**3 + 5*p**2 + 5*p - 4. Calculate q(-3).
-1
Let r(q) = q**3 + 3*q**2 + q + 11. Give r(0).
11
Let b(v) = v**2 + 63*v + 342. Give b(-6).
0
Let x(q) = -133*q + 806. Calculate x(6).
8
Let g(h) = -h**3 - 5*h**2 - 6*h - 9. Determine g(-4).
-1
Let x(j) = 3*j**2 + 12*j + 9. What is x(-4)?
9
Let v(k) = -8*k + 14. Determine v(6).
-34
Let i(l) = 2*l - 26. Calculate i(15).
4
Let i(v) = 3*v + 22. Determine i(-18).
-32
Let j(x) = -x - 13. Calculate j(-7).
-6
Let x(w) = 4*w + 9. What is x(-6)?
-15
Let a(k) = k**3 + 3*k**2 + k + 17. Give a(0).
17
Let u(n) = n**2 - 9*n + 12. Give u(8).
4
Let h(t) = t**3 + 5*t**2 - 2*t + 2. What is h(-6)?
-22
Let j(r) = r**2 + 13*r + 36. Give j(-17).
104
Let f(x) = -6*x**2 + 2*x + 2. Determine f(4).
-86
Let d(l) = -l**3 + 7*l**2 - 18*l + 68. Give d(6).
-4
Let o(i) = -i**3 - i**2 + i + 22. Give o(0).
22
Let q(y) = 2*y**3 + 26*y**2 - 3*y + 14. Calculate q(-13).
53
Let p(f) = f**2 - 2*f - 20. What is p(0)?
-20
Let x(h) = -h**2 + 6*h + 9. Give x(6).
9
Let r(o) = -2*o - 32. What is r(-8)?
-16
Let v(y) = y**2 + y - 10. What is v(-5)?
10
Let k(u) = -u**3 - 7*u**2 + 20*u + 2. What is k(-10)?
102
Let a(m) = 7*m**3 - m**2 - m + 1. Calculate a(1).
6
Let k(r) = -r**3 + 2*r**2 + r - 21. What is k(0)?
-21
Let b(p) = 15*p - 21. Determine b(4).
39
Let x(u) = 5*u + 5. Give x(8).
45
Let v(h) = 4*h + 28. What is v(-14)?
-28
Let m(s) = -3*s - 122. Determine m(-30).
-32
Let h(n) = -2*n**3 - 4*n**2 + 5*n + 3. Give h(-4).
47
Let r(b) = -b**2 + b. Calculate r(-3).
-12
Let p(l) = 7*l - 3. Determine p(2).
11
Let c(s) = -2*s**2 + 51*s - 25. Give c(25).
0
Let a(l) = l**3 + 9*l**2 + 5*l + 27. What is a(-7)?
90
Let s(g) = 59*g**3 + 1. What is s(1)?
60
Let o(l) = l**2 + 3*l - 4. What is o(-8)?
36
Let u(b) = -b**2 + 8*b + 6. Calculate u(5).
21
Let n(a) = a**3 - 5*a**2 + 4*a - 8. Give n(4).
-8
Let k(m) = -15*m**3 - m**2 - 2*m - 1. What is k(-1)?
15
Let a(s) = 3*s**2 - 59*s - 16. What is a(20)?
4
Let w(p) = -p**2 - 30*p - 81. Give w(-3).
0
Let y(v) = -3*v + 9. Determine y(-5).
24
Let h(i) = i**3 - 16*i**2 + 36*i + 35. Determine h(13).
-4
Let p(c) = c**2 - 22*c + 112. Calculate p(7).
7
Let g(d) = d**3 - 7*d**2 + 8*d - 1. What is g(6)?
11
Let j(a) = -9*a - 353. What is j(-41)?
16
Let y(m) = -3*m**2 + 2*m + 1. What is y(-2)?
-15
Let b(k) = -3*k**2 + 5*k - 2. Determine b(4).
-30
Let t(f) = 40*f - 360. Calculate t(9).
0
Let f(q) = q**2 + 27*q + 18. What is f(-25)?
-32
Let s(y) = -3*y + 53. What is s(21)?
-10
Let x(z) = 2*z - 82. Calculate x(40).
-2
Let u(t) = -5*t. Determine u(7).
-35
Let u(l) = -l**3 - 10*l**2 - 9*l - 2. Calculate u(-9).
-2
Let c(a) = -2*a**2 + 10*a - 12. Calculate c(3).
0
Let t(j) = 4*j + 26. Determine t(-17).
-42
Let z(v) = 2*v**2 - 29*v + 18. Determine z(14).
4
Let r(a) = 27*a - 403. Give r(15).
2
Let s(w) = -w**2 + 34*w - 238. Calculate s(10).
2
Let b(k) = -32*k - 3. What is b(-1)?
29
Let m(w) = 16*w + 509. What is m(-32)?
-3
Let v(i) = -2*i**3 - 9*i**2 + 13*i - 24. What is v(-6)?
6
Let n(z) = 9*z + 96. Determine n(-8).
24
Let h(f) = -12*f + 25. Determine h(2).
1
Let s(x) = -6*x + 10. Give s(6).
-26
Let h(o) = -o**3 + 10*o**2 + 2*o + 15. Give h(10).
35
Let g(h) = 39*h**3 - h**2 + 2*h - 1. What is g(1)?
39
Let u(s) = s**2 - 6*s - 59. What is u(-6)?
13
Let l(f) = f**3 - 2*f**2 + f + 141. Calculate l(0).
141
Let l(n) = -5*n + 58. What is l(9)?
13
Let k(i) = 3*i**2 - 4*i + 1. Calculate k(3).
16
Let z(c) = c**3 - 6*c**2 + 4*c + 1. Calculate z(3).
-14
Let t(x) = -10*x - 10. What is t(-3)?
20
Let h(u) = 20*u - 55. Give h(4).
25
Let i(x) = -2*x**3 - 20*x**2 - 32*x + 16. Determine i(-8).
16
Let m(y) = -y - 7. Determine m(10).
-17
Let l(s) = -s**2 - 43*s - 196. What is l(-37)?
26
Let j(n) = -7*n - 68. Determine j(-18).
58
Let j(l) = -l**2 - 12*l - 26. What is j(-9)?
1
Let r(w) = 4*w - 38. Calculate r(10).
2
Let v(o) = 5*o + 1. What is v(-5)?
-24
Let y(a) = -a**3 + 15*a**2 + 14*a + 37. Give y(16).
5
Let v(z) = 41*z + 1274. What is v(-31)?
3
Let s(u) = -u**2 + 9*u - 10. Calculate s(9).
-10
Let g(c) = -71*c**2 + 1. Calculate g(-1).
-70
Let r(y) = -2*y**2 - 15*y - 7. Determine r(-7).
0
Let p(b) = -8*b - 324. Calculate p(-41).
4
Let c(u) = u**3 + 8*u**2 - 35*u - 21. Give c(-11).
1
Let r(w) = -w - 12. Calculate r(-5).
-7
Let o(a) = -10*a**3 - a**2 + 4*a - 2.